 by 3960?
4
Calculate the remainder when 18493 is divided by 197.
172
What is the remainder when 342 is divided by 330?
12
What is the remainder when 2733 is divided by 86?
67
What is the remainder when 237278 is divided by 4943?
14
What is the remainder when 5241 is divided by 62?
33
Calculate the remainder when 263970 is divided by 29.
12
Calculate the remainder when 3751 is divided by 1840.
71
What is the remainder when 84525 is divided by 77?
56
What is the remainder when 9605 is divided by 1339?
232
Calculate the remainder when 52726 is divided by 26359.
8
Calculate the remainder when 5493 is divided by 1226.
589
What is the remainder when 101286 is divided by 70?
66
Calculate the remainder when 84838 is divided by 184.
14
Calculate the remainder when 72692 is divided by 36.
8
What is the remainder when 136333 is divided by 960?
13
Calculate the remainder when 7758 is divided by 562.
452
Calculate the remainder when 36107 is divided by 176.
27
Calculate the remainder when 2088 is divided by 79.
34
Calculate the remainder when 4927 is divided by 159.
157
What is the remainder when 25653 is divided by 660?
573
What is the remainder when 150781 is divided by 248?
245
Calculate the remainder when 59387 is divided by 11.
9
What is the remainder when 110 is divided by 24?
14
Calculate the remainder when 593 is divided by 11.
10
Calculate the remainder when 84639 is divided by 1663.
1489
What is the remainder when 6476 is divided by 137?
37
What is the remainder when 3549999 is divided by 40?
39
What is the remainder when 403376 is divided by 403374?
2
What is the remainder when 9381 is divided by 9372?
9
Calculate the remainder when 2939 is divided by 307.
176
Calculate the remainder when 24719 is divided by 67.
63
Calculate the remainder when 35967 is divided by 571.
565
Calculate the remainder when 172275 is divided by 6.
3
Calculate the remainder when 9765 is divided by 56.
21
What is the remainder when 194478 is divided by 10?
8
What is the remainder when 37356 is divided by 450?
6
Calculate the remainder when 159170 is divided by 18.
14
Calculate the remainder when 4319 is divided by 11.
7
Calculate the remainder when 859 is divided by 187.
111
What is the remainder when 69861 is divided by 8732?
5
Calculate the remainder when 21852 is divided by 360.
252
What is the remainder when 41122 is divided by 13675?
97
What is the remainder when 4964183 is divided by 9?
8
What is the remainder when 26689 is divided by 10?
9
What is the remainder when 11624 is divided by 88?
8
Calculate the remainder when 671712 is divided by 177.
174
Calculate the remainder when 4600 is divided by 9.
1
Calculate the remainder when 7331 is divided by 1351.
576
What is the remainder when 3231 is divided by 232?
215
Calculate the remainder when 4506 is divided by 499.
15
What is the remainder when 10069 is divided by 68?
5
Calculate the remainder when 320738 is divided by 309.
305
Calculate the remainder when 2425 is divided by 512.
377
Calculate the remainder when 86243 is divided by 237.
212
What is the remainder when 29686 is divided by 135?
121
What is the remainder when 324613 is divided by 323?
321
Calculate the remainder when 334864 is divided by 54.
10
What is the remainder when 11634 is divided by 258?
24
Calculate the remainder when 2074 is divided by 296.
2
What is the remainder when 33781 is divided by 322?
293
Calculate the remainder when 2548 is divided by 2224.
324
Calculate the remainder when 6203 is divided by 562.
21
Calculate the remainder when 2912 is divided by 951.
59
Calculate the remainder when 1321 is divided by 57.
10
Calculate the remainder when 23517 is divided by 5879.
1
Calculate the remainder when 1153 is divided by 746.
407
What is the remainder when 2745 is divided by 30?
15
Calculate the remainder when 1150262 is divided by 59.
57
What is the remainder when 21801 is divided by 320?
41
Calculate the remainder when 234409 is divided by 865.
859
Calculate the remainder when 7966 is divided by 1987.
18
What is the remainder when 64228 is divided by 9169?
45
Calculate the remainder when 3946 is divided by 359.
356
What is the remainder when 78038 is divided by 444?
338
What is the remainder when 93996 is divided by 1205?
6
Calculate the remainder when 8979 is divided by 2991.
6
Calculate the remainder when 258775 is divided by 22.
11
Calculate the remainder when 74128 is divided by 369.
328
What is the remainder when 52071 is divided by 66?
63
What is the remainder when 14381 is divided by 14056?
325
Calculate the remainder when 164908 is divided by 82454.
0
Calculate the remainder when 8013 is divided by 7895.
118
What is the remainder when 4798 is divided by 60?
58
Calculate the remainder when 30095 is divided by 346.
339
Calculate the remainder when 1893373 is divided by 225.
223
What is the remainder when 5274 is divided by 752?
10
What is the remainder when 72669 is divided by 67?
41
Calculate the remainder when 2476 is divided by 1317.
1159
What is the remainder when 69479 is divided by 5344?
7
What is the remainder when 40644 is divided by 13500?
144
What is the remainder when 64635 is divided by 129?
6
Calculate the remainder when 614729 is divided by 45.
29
Calculate the remainder when 356795 is divided by 18.
17
What is the remainder when 461371 is divided by 1728?
1723
What is the remainder when 3945398 is divided by 8?
6
Calculate the remainder when 96700 is divided by 43.
36
Calculate the remainder when 2935 is divided by 6.
1
Calculate the remainder when 585189 is divided by 32.
5
Calculate the remainder when 19099 is divided by 41.
34
What is the remainder when 100438 is divided by 137?
17
What is the remainder when 2853976 is divided by 16?
8
What is the remainder when 211039 is divided by 525?
514
Calculate the remainder when 7975 is divided by 159.
25
Calculate the remainder when 32718 is divided by 248.
230
What is the remainder when 8463 is divided by 2813?
24
Calculate the remainder when 7075 is divided by 79.
44
Calculate the remainder when 65927 is divided by 16479.
11
Calculate the remainder when 16554 is divided by 144.
138
What is the remainder when 27696 is divided by 27667?
29
What is the remainder when 899 is divided by 439?
21
Calculate the remainder when 7835 is divided by 1091.
198
What is the remainder when 34589 is divided by 184?
181
Calculate the remainder when 74441 is divided by 74.
71
What is the remainder when 1421388 is divided by 98?
94
Calculate the remainder when 125039 is divided by 188.
19
What is the remainder when 33386 is divided by 93?
92
Calculate the remainder when 1847 is divided by 922.
3
What is the remainder when 20878 is divided by 5187?
130
What is the remainder when 78234 is divided by 525?
9
What is the remainder when 47133 is divided by 3?
0
Calculate the remainder when 7226 is divided by 143.
76
Calculate the remainder when 647 is divided by 187.
86
Calculate the remainder when 2208136 is divided by 19.
13
Calculate the remainder when 587662 is divided by 159.
157
Calculate the remainder when 363 is divided by 144.
75
Calculate the remainder when 274017 is divided by 49.
9
Calculate the remainder when 22669 is divided by 527.
8
Calculate the remainder when 535984 is divided by 19.
13
What is the remainder when 709802 is divided by 100?
2
Calculate the remainder when 137217 is divided by 2079.
3
Calculate the remainder when 4856 is divided by 36.
32
Calculate the remainder when 5692 is divided by 249.
214
Calculate the remainder when 3536 is divided by 14.
8
What is the remainder when 53372 is divided by 277?
188
What is the remainder when 225038 is divided by 10?
8
What is the remainder when 6584 is divided by 601?
574
What is the remainder when 4314 is divided by 2018?
278
What is the remainder when 103471 is divided by 16?
15
What is the remainder when 23392 is divided by 11684?
24
What is the remainder when 14052 is divided by 46?
22
What is the remainder when 294275 is divided by 10?
5
Calculate the remainder when 3163 is divided by 1251.
661
What is the remainder when 48434 is divided by 52?
22
Calculate the remainder when 3287 is divided by 1627.
33
What is the remainder when 7102 is divided by 177?
22
What is the remainder when 1975927 is divided by 710?
707
What is